{"id":48,"date":"2024-08-07T10:24:59","date_gmt":"2024-08-07T10:24:59","guid":{"rendered":"https:\/\/esnpoznan.put.poznan.pl\/?page_id=48"},"modified":"2026-03-26T11:32:27","modified_gmt":"2026-03-26T11:32:27","slug":"esncard","status":"publish","type":"page","link":"https:\/\/esnpoznan.put.poznan.pl\/?page_id=48","title":{"rendered":"ESNcard"},"content":{"rendered":"\t\t<div data-elementor-type=\"wp-page\" data-elementor-id=\"48\" class=\"elementor elementor-48\">\n\t\t\t\t<div class=\"elementor-element elementor-element-7ab841d e-flex e-con-boxed e-con e-parent\" data-id=\"7ab841d\" data-element_type=\"container\" data-e-type=\"container\">\n\t\t\t\t\t<div class=\"e-con-inner\">\n\t\t\t\t<div class=\"elementor-element elementor-element-35b964d elementor-widget elementor-widget-heading\" data-id=\"35b964d\" data-element_type=\"widget\" data-e-type=\"widget\" data-widget_type=\"heading.default\">\n\t\t\t\t<div class=\"elementor-widget-container\">\n\t\t\t\t\t<h2 class=\"elementor-heading-title elementor-size-default\">What is an ESNcard?<\/h2>\t\t\t\t<\/div>\n\t\t\t\t<\/div>\n\t\t<div class=\"elementor-element elementor-element-b706ed9 e-con-full e-flex e-con e-child\" data-id=\"b706ed9\" data-element_type=\"container\" data-e-type=\"container\">\n\t\t\t\t<div class=\"elementor-element elementor-element-74fd8f1 elementor-widget elementor-widget-image\" data-id=\"74fd8f1\" data-element_type=\"widget\" data-e-type=\"widget\" data-widget_type=\"image.default\">\n\t\t\t\t<div class=\"elementor-widget-container\">\n\t\t\t\t\t\t\t\t\t\t\t\t\t\t\t<img fetchpriority=\"high\" decoding=\"async\" width=\"1024\" height=\"1024\" src=\"https:\/\/esnpoznan.put.poznan.pl\/wp-content\/uploads\/2026\/01\/ESNCARD-grafika-lucek-1024x1024.png\" class=\"attachment-large size-large wp-image-558\" alt=\"ESNCARD\" srcset=\"https:\/\/esnpoznan.put.poznan.pl\/wp-content\/uploads\/2026\/01\/ESNCARD-grafika-lucek-1024x1024.png 1024w, https:\/\/esnpoznan.put.poznan.pl\/wp-content\/uploads\/2026\/01\/ESNCARD-grafika-lucek-300x300.png 300w, https:\/\/esnpoznan.put.poznan.pl\/wp-content\/uploads\/2026\/01\/ESNCARD-grafika-lucek-150x150.png 150w, https:\/\/esnpoznan.put.poznan.pl\/wp-content\/uploads\/2026\/01\/ESNCARD-grafika-lucek-768x768.png 768w, https:\/\/esnpoznan.put.poznan.pl\/wp-content\/uploads\/2026\/01\/ESNCARD-grafika-lucek.png 1080w\" sizes=\"(max-width: 1024px) 100vw, 1024px\" \/>\t\t\t\t\t\t\t\t\t\t\t\t\t\t\t<\/div>\n\t\t\t\t<\/div>\n\t\t\t\t<div class=\"elementor-element elementor-element-bf65098 elementor-widget elementor-widget-text-editor\" data-id=\"bf65098\" data-element_type=\"widget\" data-e-type=\"widget\" data-widget_type=\"text-editor.default\">\n\t\t\t\t<div class=\"elementor-widget-container\">\n\t\t\t\t\t\t\t\t\t<p>The ESNcard is a student card offered by the Erasmus Student Network that gives international students access to a variety of discounts and special offers in many cities and countries where ESN is active. It can be used with partners such as FlixBus, Ryanair, and various local businesses.<\/p><p>You can find a full list of our partners <strong data-start=\"483\" data-end=\"491\"><a href=\"https:\/\/esnpoznan.put.poznan.pl\/?page_id=310\">here<\/a>.<\/strong><\/p><p>The card is designed to help students make the most of their Erasmus experience.<\/p>\t\t\t\t\t\t\t\t<\/div>\n\t\t\t\t<\/div>\n\t\t\t\t<\/div>\n\t\t\t\t\t<\/div>\n\t\t\t\t<\/div>\n\t\t<div class=\"elementor-element elementor-element-0676340 e-flex e-con-boxed e-con e-parent\" data-id=\"0676340\" data-element_type=\"container\" data-e-type=\"container\">\n\t\t\t\t\t<div class=\"e-con-inner\">\n\t\t\t\t<div class=\"elementor-element elementor-element-43c6be5 elementor-widget elementor-widget-heading\" data-id=\"43c6be5\" data-element_type=\"widget\" data-e-type=\"widget\" data-widget_type=\"heading.default\">\n\t\t\t\t<div class=\"elementor-widget-container\">\n\t\t\t\t\t<h2 class=\"elementor-heading-title elementor-size-default\">How to Get Your ESNcard?<\/h2>\t\t\t\t<\/div>\n\t\t\t\t<\/div>\n\t\t\t\t<div class=\"elementor-element elementor-element-98f74c4 elementor-widget elementor-widget-text-editor\" data-id=\"98f74c4\" data-element_type=\"widget\" data-e-type=\"widget\" data-widget_type=\"text-editor.default\">\n\t\t\t\t<div class=\"elementor-widget-container\">\n\t\t\t\t\t\t\t\t\t<p>Getting your ESNcard is simple \u2014 follow these steps and unlock access to discounts, trips, events and the entire ESN community.<\/p>\t\t\t\t\t\t\t\t<\/div>\n\t\t\t\t<\/div>\n\t\t<div class=\"elementor-element elementor-element-c08c429 e-con-full e-flex e-con e-child\" data-id=\"c08c429\" data-element_type=\"container\" data-e-type=\"container\">\n\t\t\t\t<div class=\"elementor-element elementor-element-0c74169 elementor-widget elementor-widget-heading\" data-id=\"0c74169\" data-element_type=\"widget\" data-e-type=\"widget\" data-widget_type=\"heading.default\">\n\t\t\t\t<div class=\"elementor-widget-container\">\n\t\t\t\t\t<h3 class=\"elementor-heading-title elementor-size-default\">1. Start online<\/h3>\t\t\t\t<\/div>\n\t\t\t\t<\/div>\n\t\t\t\t<div class=\"elementor-element elementor-element-ff9b317 elementor-widget elementor-widget-text-editor\" data-id=\"ff9b317\" data-element_type=\"widget\" data-e-type=\"widget\" data-widget_type=\"text-editor.default\">\n\t\t\t\t<div class=\"elementor-widget-container\">\n\t\t\t\t\t\t\t\t\t<p>Visit <strong><a href=\"https:\/\/card.esn.pl\/\" target=\"_blank\" rel=\"noopener\">card.esn.pl <\/a><\/strong>and click <b>\u201cGet your ESNcard.\u201d<\/b><\/p>\n<p>\u00a0 \u00a0 \u00a0 \u00a0-&gt; Select <b>\u201cI\u2019m an International Student.\u201d\u00a0<\/b>if you are international Student.<\/p>\n<p>\u00a0 \u00a0 \u00a0 \u00a0-&gt; Select\u00a0 <b>\u201cI\u2019m a Buddy.\u201d <\/b>if you are Buddy.<\/p>\t\t\t\t\t\t\t\t<\/div>\n\t\t\t\t<\/div>\n\t\t\t\t<\/div>\n\t\t<div class=\"elementor-element elementor-element-2d5b207 e-con-full e-flex e-con e-child\" data-id=\"2d5b207\" data-element_type=\"container\" data-e-type=\"container\">\n\t\t\t\t<div class=\"elementor-element elementor-element-fbd2201 elementor-widget elementor-widget-heading\" data-id=\"fbd2201\" data-element_type=\"widget\" data-e-type=\"widget\" data-widget_type=\"heading.default\">\n\t\t\t\t<div class=\"elementor-widget-container\">\n\t\t\t\t\t<h3 class=\"elementor-heading-title elementor-size-default\">2. Fill in your details<\/h3>\t\t\t\t<\/div>\n\t\t\t\t<\/div>\n\t\t\t\t<div class=\"elementor-element elementor-element-85f689b elementor-widget elementor-widget-text-editor\" data-id=\"85f689b\" data-element_type=\"widget\" data-e-type=\"widget\" data-widget_type=\"text-editor.default\">\n\t\t\t\t<div class=\"elementor-widget-container\">\n\t\t\t\t\t\t\t\t\t<p>Complete the short form with your personal info and university.<br \/>This helps us prepare your personalized card.<\/p><p>Provide your:<\/p><ul><li aria-level=\"1\"><p>Name and surname<\/p><\/li><li aria-level=\"1\"><p>Nationality<\/p><\/li><li aria-level=\"1\"><p>Date of birth<\/p><\/li><li aria-level=\"1\"><p>University<\/p><\/li><li aria-level=\"1\"><p>ESN section (e.g., ESN Pozna\u0144)<\/p><\/li><li aria-level=\"1\"><p>Contact details<\/p><\/li><\/ul><p>Make sure all information is accurate, as it will appear on your card.<\/p>\t\t\t\t\t\t\t\t<\/div>\n\t\t\t\t<\/div>\n\t\t\t\t<\/div>\n\t\t<div class=\"elementor-element elementor-element-1f5ce56 e-con-full e-flex e-con e-child\" data-id=\"1f5ce56\" data-element_type=\"container\" data-e-type=\"container\">\n\t\t\t\t<div class=\"elementor-element elementor-element-8e63283 elementor-widget elementor-widget-heading\" data-id=\"8e63283\" data-element_type=\"widget\" data-e-type=\"widget\" data-widget_type=\"heading.default\">\n\t\t\t\t<div class=\"elementor-widget-container\">\n\t\t\t\t\t<h3 class=\"elementor-heading-title elementor-size-default\">3. Upload a photo<\/h3>\t\t\t\t<\/div>\n\t\t\t\t<\/div>\n\t\t\t\t<div class=\"elementor-element elementor-element-9ca4160 elementor-widget elementor-widget-text-editor\" data-id=\"9ca4160\" data-element_type=\"widget\" data-e-type=\"widget\" data-widget_type=\"text-editor.default\">\n\t\t\t\t<div class=\"elementor-widget-container\">\n\t\t\t\t\t\t\t\t\t<p>Add a clear, ID-style photo.<br \/>It\u2019s required for your card to be valid.<\/p><p>Your photo should:<\/p><ul><li aria-level=\"1\"><p>Clearly show your face<\/p><\/li><li aria-level=\"1\"><p>Resemble an ID or passport photo<\/p><\/li><li aria-level=\"1\"><p>Be sharp and good quality<\/p><\/li><\/ul>\t\t\t\t\t\t\t\t<\/div>\n\t\t\t\t<\/div>\n\t\t\t\t<\/div>\n\t\t<div class=\"elementor-element elementor-element-9d6dfad e-con-full e-flex e-con e-child\" data-id=\"9d6dfad\" data-element_type=\"container\" data-e-type=\"container\">\n\t\t\t\t<div class=\"elementor-element elementor-element-70379f1 elementor-widget elementor-widget-heading\" data-id=\"70379f1\" data-element_type=\"widget\" data-e-type=\"widget\" data-widget_type=\"heading.default\">\n\t\t\t\t<div class=\"elementor-widget-container\">\n\t\t\t\t\t<h3 class=\"elementor-heading-title elementor-size-default\">4. Submit and pay<\/h3>\t\t\t\t<\/div>\n\t\t\t\t<\/div>\n\t\t\t\t<div class=\"elementor-element elementor-element-6749c50 elementor-widget elementor-widget-text-editor\" data-id=\"6749c50\" data-element_type=\"widget\" data-e-type=\"widget\" data-widget_type=\"text-editor.default\">\n\t\t\t\t<div class=\"elementor-widget-container\">\n\t\t\t\t\t\t\t\t\t<p>Once your application is <b>accepted<\/b>, you\u2019ll receive an email with the payment link.<\/p>\n<p>Please be patient \u2014 we do our best to process everything as quickly as possible, but sometimes it might take a little longer.<\/p>\n<p>No worries if it doesn\u2019t arrive immediately \u2014 it\u2019s on the way.<\/p>\t\t\t\t\t\t\t\t<\/div>\n\t\t\t\t<\/div>\n\t\t\t\t<\/div>\n\t\t<div class=\"elementor-element elementor-element-bc2dd3f e-con-full e-flex e-con e-child\" data-id=\"bc2dd3f\" data-element_type=\"container\" data-e-type=\"container\">\n\t\t\t\t<div class=\"elementor-element elementor-element-19b7c50 elementor-widget elementor-widget-heading\" data-id=\"19b7c50\" data-element_type=\"widget\" data-e-type=\"widget\" data-widget_type=\"heading.default\">\n\t\t\t\t<div class=\"elementor-widget-container\">\n\t\t\t\t\t<h3 class=\"elementor-heading-title elementor-size-default\">5. Hold on while we prepare your card<\/h3>\t\t\t\t<\/div>\n\t\t\t\t<\/div>\n\t\t\t\t<div class=\"elementor-element elementor-element-59cfc1a elementor-widget elementor-widget-text-editor\" data-id=\"59cfc1a\" data-element_type=\"widget\" data-e-type=\"widget\" data-widget_type=\"text-editor.default\">\n\t\t\t\t<div class=\"elementor-widget-container\">\n\t\t\t\t\t\t\t\t\t<p>Your ESNcard isn\u2019t ready immediately.<br \/>Our team needs a bit of time to process and produce it.<\/p>\t\t\t\t\t\t\t\t<\/div>\n\t\t\t\t<\/div>\n\t\t\t\t<\/div>\n\t\t<div class=\"elementor-element elementor-element-0babb31 e-con-full e-flex e-con e-child\" data-id=\"0babb31\" data-element_type=\"container\" data-e-type=\"container\">\n\t\t\t\t<div class=\"elementor-element elementor-element-e2f6748 elementor-widget elementor-widget-heading\" data-id=\"e2f6748\" data-element_type=\"widget\" data-e-type=\"widget\" data-widget_type=\"heading.default\">\n\t\t\t\t<div class=\"elementor-widget-container\">\n\t\t\t\t\t<h3 class=\"elementor-heading-title elementor-size-default\">6. Pick it up<\/h3>\t\t\t\t<\/div>\n\t\t\t\t<\/div>\n\t\t\t\t<div class=\"elementor-element elementor-element-545a709 elementor-widget elementor-widget-text-editor\" data-id=\"545a709\" data-element_type=\"widget\" data-e-type=\"widget\" data-widget_type=\"text-editor.default\">\n\t\t\t\t<div class=\"elementor-widget-container\">\n\t\t\t\t\t\t\t\t\t<p>When your card is ready, we\u2019ll announce the pickup time and location in our <strong><a href=\"https:\/\/chat.whatsapp.com\/LYDDZl71jgZ2gug4aQHYWC\" target=\"_blank\" rel=\"noopener\">WhatsApp group.<\/a><\/strong><br \/>Make sure you\u2019ve joined so you don\u2019t miss the update!<\/p>\t\t\t\t\t\t\t\t<\/div>\n\t\t\t\t<\/div>\n\t\t\t\t<\/div>\n\t\t\t\t\t<\/div>\n\t\t\t\t<\/div>\n\t\t<div class=\"elementor-element elementor-element-79ab65e e-flex e-con-boxed e-con e-parent\" data-id=\"79ab65e\" data-element_type=\"container\" data-e-type=\"container\">\n\t\t\t\t\t<div class=\"e-con-inner\">\n\t\t\t\t\t<\/div>\n\t\t\t\t<\/div>\n\t\t\t\t<\/div>\n\t\t","protected":false},"excerpt":{"rendered":"<p>What is an ESNcard? The ESNcard is a student card offered by the Erasmus Student Network that gives international students access to a variety of discounts and special offers in many cities and countries where ESN is active. It can be used with partners such as FlixBus, Ryanair, and various local businesses. You can find [&hellip;]<\/p>\n","protected":false},"author":1,"featured_media":0,"parent":0,"menu_order":0,"comment_status":"closed","ping_status":"closed","template":"","meta":{"footnotes":""},"class_list":["post-48","page","type-page","status-publish","hentry"],"yoast_head":"<!-- This site is optimized with the Yoast SEO plugin v27.2 - https:\/\/yoast.com\/product\/yoast-seo-wordpress\/ -->\n<title>ESNcard - ESN Pozna\u0144<\/title>\n<meta name=\"robots\" content=\"index, follow, max-snippet:-1, max-image-preview:large, max-video-preview:-1\" \/>\n<link rel=\"canonical\" href=\"https:\/\/esnpoznan.put.poznan.pl\/?page_id=48\" \/>\n<meta property=\"og:locale\" content=\"en_US\" \/>\n<meta property=\"og:type\" content=\"article\" \/>\n<meta property=\"og:title\" content=\"ESNcard - ESN Pozna\u0144\" \/>\n<meta property=\"og:description\" content=\"What is an ESNcard? The ESNcard is a student card offered by the Erasmus Student Network that gives international students access to a variety of discounts and special offers in many cities and countries where ESN is active. It can be used with partners such as FlixBus, Ryanair, and various local businesses. You can find [&hellip;]\" \/>\n<meta property=\"og:url\" content=\"https:\/\/esnpoznan.put.poznan.pl\/?page_id=48\" \/>\n<meta property=\"og:site_name\" content=\"ESN Pozna\u0144\" \/>\n<meta property=\"article:modified_time\" content=\"2026-03-26T11:32:27+00:00\" \/>\n<meta property=\"og:image\" content=\"https:\/\/esnpoznan.put.poznan.pl\/wp-content\/uploads\/2026\/01\/ESNCARD-grafika-lucek.png\" \/>\n\t<meta property=\"og:image:width\" content=\"1080\" \/>\n\t<meta property=\"og:image:height\" content=\"1080\" \/>\n\t<meta property=\"og:image:type\" content=\"image\/png\" \/>\n<meta name=\"twitter:card\" content=\"summary_large_image\" \/>\n<meta name=\"twitter:label1\" content=\"Est. reading time\" \/>\n\t<meta name=\"twitter:data1\" content=\"2 minutes\" \/>\n<script type=\"application\/ld+json\" class=\"yoast-schema-graph\">{\"@context\":\"https:\/\/schema.org\",\"@graph\":[{\"@type\":\"WebPage\",\"@id\":\"https:\/\/esnpoznan.put.poznan.pl\/?page_id=48\",\"url\":\"https:\/\/esnpoznan.put.poznan.pl\/?page_id=48\",\"name\":\"ESNcard - ESN Pozna\u0144\",\"isPartOf\":{\"@id\":\"https:\/\/esnpoznan.put.poznan.pl\/#website\"},\"primaryImageOfPage\":{\"@id\":\"https:\/\/esnpoznan.put.poznan.pl\/?page_id=48#primaryimage\"},\"image\":{\"@id\":\"https:\/\/esnpoznan.put.poznan.pl\/?page_id=48#primaryimage\"},\"thumbnailUrl\":\"https:\/\/esnpoznan.put.poznan.pl\/wp-content\/uploads\/2026\/01\/ESNCARD-grafika-lucek-1024x1024.png\",\"datePublished\":\"2024-08-07T10:24:59+00:00\",\"dateModified\":\"2026-03-26T11:32:27+00:00\",\"breadcrumb\":{\"@id\":\"https:\/\/esnpoznan.put.poznan.pl\/?page_id=48#breadcrumb\"},\"inLanguage\":\"en-US\",\"potentialAction\":[{\"@type\":\"ReadAction\",\"target\":[\"https:\/\/esnpoznan.put.poznan.pl\/?page_id=48\"]}]},{\"@type\":\"ImageObject\",\"inLanguage\":\"en-US\",\"@id\":\"https:\/\/esnpoznan.put.poznan.pl\/?page_id=48#primaryimage\",\"url\":\"https:\/\/esnpoznan.put.poznan.pl\/wp-content\/uploads\/2026\/01\/ESNCARD-grafika-lucek.png\",\"contentUrl\":\"https:\/\/esnpoznan.put.poznan.pl\/wp-content\/uploads\/2026\/01\/ESNCARD-grafika-lucek.png\",\"width\":1080,\"height\":1080,\"caption\":\"ESNCARD\"},{\"@type\":\"BreadcrumbList\",\"@id\":\"https:\/\/esnpoznan.put.poznan.pl\/?page_id=48#breadcrumb\",\"itemListElement\":[{\"@type\":\"ListItem\",\"position\":1,\"name\":\"Home\",\"item\":\"https:\/\/esnpoznan.put.poznan.pl\/\"},{\"@type\":\"ListItem\",\"position\":2,\"name\":\"ESNcard\"}]},{\"@type\":\"WebSite\",\"@id\":\"https:\/\/esnpoznan.put.poznan.pl\/#website\",\"url\":\"https:\/\/esnpoznan.put.poznan.pl\/\",\"name\":\"ESN Pozna\u0144\",\"description\":\"ESN Pozna\u0144: Volunteer-led community at PUT Pozna\u0144 helping international students. Discover our events, ESNcard, and mobility tips for your exchange!\",\"publisher\":{\"@id\":\"https:\/\/esnpoznan.put.poznan.pl\/#organization\"},\"potentialAction\":[{\"@type\":\"SearchAction\",\"target\":{\"@type\":\"EntryPoint\",\"urlTemplate\":\"https:\/\/esnpoznan.put.poznan.pl\/?s={search_term_string}\"},\"query-input\":{\"@type\":\"PropertyValueSpecification\",\"valueRequired\":true,\"valueName\":\"search_term_string\"}}],\"inLanguage\":\"en-US\"},{\"@type\":\"Organization\",\"@id\":\"https:\/\/esnpoznan.put.poznan.pl\/#organization\",\"name\":\"ESN Pozna\u0144\",\"url\":\"https:\/\/esnpoznan.put.poznan.pl\/\",\"logo\":{\"@type\":\"ImageObject\",\"inLanguage\":\"en-US\",\"@id\":\"https:\/\/esnpoznan.put.poznan.pl\/#\/schema\/logo\/image\/\",\"url\":\"https:\/\/esnpoznan.put.poznan.pl\/wp-content\/uploads\/2024\/08\/ESNstar_digital_full_colour_safezone-1.png\",\"contentUrl\":\"https:\/\/esnpoznan.put.poznan.pl\/wp-content\/uploads\/2024\/08\/ESNstar_digital_full_colour_safezone-1.png\",\"width\":1500,\"height\":1500,\"caption\":\"ESN Pozna\u0144\"},\"image\":{\"@id\":\"https:\/\/esnpoznan.put.poznan.pl\/#\/schema\/logo\/image\/\"}}]}<\/script>\n<!-- \/ Yoast SEO plugin. -->","yoast_head_json":{"title":"ESNcard - ESN Pozna\u0144","robots":{"index":"index","follow":"follow","max-snippet":"max-snippet:-1","max-image-preview":"max-image-preview:large","max-video-preview":"max-video-preview:-1"},"canonical":"https:\/\/esnpoznan.put.poznan.pl\/?page_id=48","og_locale":"en_US","og_type":"article","og_title":"ESNcard - ESN Pozna\u0144","og_description":"What is an ESNcard? The ESNcard is a student card offered by the Erasmus Student Network that gives international students access to a variety of discounts and special offers in many cities and countries where ESN is active. It can be used with partners such as FlixBus, Ryanair, and various local businesses. You can find [&hellip;]","og_url":"https:\/\/esnpoznan.put.poznan.pl\/?page_id=48","og_site_name":"ESN Pozna\u0144","article_modified_time":"2026-03-26T11:32:27+00:00","og_image":[{"width":1080,"height":1080,"url":"https:\/\/esnpoznan.put.poznan.pl\/wp-content\/uploads\/2026\/01\/ESNCARD-grafika-lucek.png","type":"image\/png"}],"twitter_card":"summary_large_image","twitter_misc":{"Est. reading time":"2 minutes"},"schema":{"@context":"https:\/\/schema.org","@graph":[{"@type":"WebPage","@id":"https:\/\/esnpoznan.put.poznan.pl\/?page_id=48","url":"https:\/\/esnpoznan.put.poznan.pl\/?page_id=48","name":"ESNcard - ESN Pozna\u0144","isPartOf":{"@id":"https:\/\/esnpoznan.put.poznan.pl\/#website"},"primaryImageOfPage":{"@id":"https:\/\/esnpoznan.put.poznan.pl\/?page_id=48#primaryimage"},"image":{"@id":"https:\/\/esnpoznan.put.poznan.pl\/?page_id=48#primaryimage"},"thumbnailUrl":"https:\/\/esnpoznan.put.poznan.pl\/wp-content\/uploads\/2026\/01\/ESNCARD-grafika-lucek-1024x1024.png","datePublished":"2024-08-07T10:24:59+00:00","dateModified":"2026-03-26T11:32:27+00:00","breadcrumb":{"@id":"https:\/\/esnpoznan.put.poznan.pl\/?page_id=48#breadcrumb"},"inLanguage":"en-US","potentialAction":[{"@type":"ReadAction","target":["https:\/\/esnpoznan.put.poznan.pl\/?page_id=48"]}]},{"@type":"ImageObject","inLanguage":"en-US","@id":"https:\/\/esnpoznan.put.poznan.pl\/?page_id=48#primaryimage","url":"https:\/\/esnpoznan.put.poznan.pl\/wp-content\/uploads\/2026\/01\/ESNCARD-grafika-lucek.png","contentUrl":"https:\/\/esnpoznan.put.poznan.pl\/wp-content\/uploads\/2026\/01\/ESNCARD-grafika-lucek.png","width":1080,"height":1080,"caption":"ESNCARD"},{"@type":"BreadcrumbList","@id":"https:\/\/esnpoznan.put.poznan.pl\/?page_id=48#breadcrumb","itemListElement":[{"@type":"ListItem","position":1,"name":"Home","item":"https:\/\/esnpoznan.put.poznan.pl\/"},{"@type":"ListItem","position":2,"name":"ESNcard"}]},{"@type":"WebSite","@id":"https:\/\/esnpoznan.put.poznan.pl\/#website","url":"https:\/\/esnpoznan.put.poznan.pl\/","name":"ESN Pozna\u0144","description":"ESN Pozna\u0144: Volunteer-led community at PUT Pozna\u0144 helping international students. Discover our events, ESNcard, and mobility tips for your exchange!","publisher":{"@id":"https:\/\/esnpoznan.put.poznan.pl\/#organization"},"potentialAction":[{"@type":"SearchAction","target":{"@type":"EntryPoint","urlTemplate":"https:\/\/esnpoznan.put.poznan.pl\/?s={search_term_string}"},"query-input":{"@type":"PropertyValueSpecification","valueRequired":true,"valueName":"search_term_string"}}],"inLanguage":"en-US"},{"@type":"Organization","@id":"https:\/\/esnpoznan.put.poznan.pl\/#organization","name":"ESN Pozna\u0144","url":"https:\/\/esnpoznan.put.poznan.pl\/","logo":{"@type":"ImageObject","inLanguage":"en-US","@id":"https:\/\/esnpoznan.put.poznan.pl\/#\/schema\/logo\/image\/","url":"https:\/\/esnpoznan.put.poznan.pl\/wp-content\/uploads\/2024\/08\/ESNstar_digital_full_colour_safezone-1.png","contentUrl":"https:\/\/esnpoznan.put.poznan.pl\/wp-content\/uploads\/2024\/08\/ESNstar_digital_full_colour_safezone-1.png","width":1500,"height":1500,"caption":"ESN Pozna\u0144"},"image":{"@id":"https:\/\/esnpoznan.put.poznan.pl\/#\/schema\/logo\/image\/"}}]}},"_links":{"self":[{"href":"https:\/\/esnpoznan.put.poznan.pl\/index.php?rest_route=\/wp\/v2\/pages\/48","targetHints":{"allow":["GET"]}}],"collection":[{"href":"https:\/\/esnpoznan.put.poznan.pl\/index.php?rest_route=\/wp\/v2\/pages"}],"about":[{"href":"https:\/\/esnpoznan.put.poznan.pl\/index.php?rest_route=\/wp\/v2\/types\/page"}],"author":[{"embeddable":true,"href":"https:\/\/esnpoznan.put.poznan.pl\/index.php?rest_route=\/wp\/v2\/users\/1"}],"replies":[{"embeddable":true,"href":"https:\/\/esnpoznan.put.poznan.pl\/index.php?rest_route=%2Fwp%2Fv2%2Fcomments&post=48"}],"version-history":[{"count":36,"href":"https:\/\/esnpoznan.put.poznan.pl\/index.php?rest_route=\/wp\/v2\/pages\/48\/revisions"}],"predecessor-version":[{"id":1192,"href":"https:\/\/esnpoznan.put.poznan.pl\/index.php?rest_route=\/wp\/v2\/pages\/48\/revisions\/1192"}],"wp:attachment":[{"href":"https:\/\/esnpoznan.put.poznan.pl\/index.php?rest_route=%2Fwp%2Fv2%2Fmedia&parent=48"}],"curies":[{"name":"wp","href":"https:\/\/api.w.org\/{rel}","templated":true}]}}